{"id":8,"date":"2022-03-15T12:47:13","date_gmt":"2022-03-15T11:47:13","guid":{"rendered":"https:\/\/www.drocomplex.pl\/projekt\/?page_id=8"},"modified":"2025-02-03T16:09:19","modified_gmt":"2025-02-03T15:09:19","slug":"start","status":"publish","type":"page","link":"https:\/\/www.drocomplex.pl\/projekt\/","title":{"rendered":"Start"},"content":{"rendered":"<!--themify_builder_content-->\n<div id=\"themify_builder_content-8\" data-postid=\"8\" class=\"themify_builder_content themify_builder_content-8 themify_builder tf_clear\">\n                    <div  data-css_id=\"jpb9836\" data-lazy=\"1\" class=\"module_row themify_builder_row fullwidth tb_jpb9836 tb_first tf_w wow\" data-tf-animation=\"fadeIn\">\n                        <span class=\"tf_hide row-slider tb_slider tf_abs\" data-bgmode=\"fullcover\" data-sliderspeed=\"2000\">\n                <span class=\"tf_abs row-slider-slides tf_w tf_hidden tf_clearfix\">\n                                <span data-bg=\"https:\/\/www.drocomplex.pl\/projekt\/wp-content\/uploads\/2022\/03\/20180703_121819.jpg\">\n                        <a href=\"javascript:;\" rel=\"nofollow\" class=\"row-slider-dot\" data-index=\"0\"><span class=\"screen-reader-text\">&bull;<\/span><\/a>\n                    <\/span>\n                                    <span data-bg=\"https:\/\/www.drocomplex.pl\/projekt\/wp-content\/uploads\/2022\/03\/20170621_155417.jpg\">\n                        <a href=\"javascript:;\" rel=\"nofollow\" class=\"row-slider-dot\" data-index=\"1\"><span class=\"screen-reader-text\">&bull;<\/span><\/a>\n                    <\/span>\n                                    <span data-bg=\"https:\/\/www.drocomplex.pl\/projekt\/wp-content\/uploads\/2022\/03\/20150902_111918.jpg\">\n                        <a href=\"javascript:;\" rel=\"nofollow\" class=\"row-slider-dot\" data-index=\"2\"><span class=\"screen-reader-text\">&bull;<\/span><\/a>\n                    <\/span>\n                                    <span data-bg=\"https:\/\/www.drocomplex.pl\/projekt\/wp-content\/uploads\/2022\/03\/20170621_152942-1.jpg\">\n                        <a href=\"javascript:;\" rel=\"nofollow\" class=\"row-slider-dot\" data-index=\"3\"><span class=\"screen-reader-text\">&bull;<\/span><\/a>\n                    <\/span>\n                                    <span data-bg=\"https:\/\/www.drocomplex.pl\/projekt\/wp-content\/uploads\/2022\/03\/20190702_165024-1.jpg\">\n                        <a href=\"javascript:;\" rel=\"nofollow\" class=\"row-slider-dot\" data-index=\"4\"><span class=\"screen-reader-text\">&bull;<\/span><\/a>\n                    <\/span>\n                                <\/span>\n                <span class=\"row-slider-nav tf_abs_t tf_w\">\n                    <a href=\"javascript:;\" rel=\"nofollow\" class=\"row-slider-arrow row-slider-prev tf_hidden tf_abs_t\"><span class=\"screen-reader-text\">&larr;<\/span><\/a>\n                    <a href=\"javascript:;\" rel=\"nofollow\" class=\"row-slider-arrow row-slider-next tf_hidden tf_abs_t\"><span class=\"screen-reader-text\">&rarr;<\/span><\/a>\n                <\/span>\n            <\/span>\n                        <div class=\"row_inner col_align_top tb_col_count_1 tf_box tf_rel\">\n                        <div  data-lazy=\"1\" class=\"module_column tb-column col-full tb_4opi838 first\">\n                    <!-- module text -->\n<div  class=\"module module-text tb_3myk45    wow\" data-tf-animation=\"fadeIn\" data-lazy=\"1\">\n        <div  class=\"tb_text_wrap\">\n        <h2>Witamy na stronie\u00a0<span style=\"background-color: #398f2e;\"> Drocomplex\u00a0<\/span><\/h2>\n    <\/div>\n<\/div>\n<!-- \/module text --><!-- module text -->\n<div  class=\"module module-text tb_jucs97    wow\" data-tf-animation=\"fadeIn\" data-lazy=\"1\">\n        <div  class=\"tb_text_wrap\">\n        <p>Stabilizacja, osuszanie i rekultywacja grunt\u00f3w.<\/p>    <\/div>\n<\/div>\n<!-- \/module text --><!-- module buttons -->\n<div  class=\"module module-buttons tb_mn06961 buttons-horizontal solid   wow\" data-tf-animation=\"fadeIn\" data-lazy=\"1\">\n        <div class=\"module-buttons-item tf_in_flx\">\n                        <a href=\"https:\/\/www.drocomplex.pl\/projekt\/oferta\/\" class=\"ui builder_button tf_in_flx transparent\" >\n                                                zobacz wi\u0119cej                                        <\/a>\n                <\/div>\n            <\/div>\n<!-- \/module buttons -->\n        <\/div>\n                        <\/div>\n        <\/div>\n                        <div  data-lazy=\"1\" class=\"module_row themify_builder_row tb_wyer640 tf_w\">\n                        <div class=\"row_inner col_align_top tb_col_count_1 tf_box tf_rel\">\n                        <div  data-lazy=\"1\" class=\"module_column tb-column col-full tb_03k5641 first\">\n                    <!-- module text -->\n<div  class=\"module module-text tb_lkin370    wow\" data-tf-animation=\"fadeIn\" data-lazy=\"1\">\n        <div  class=\"tb_text_wrap\">\n        <p><span style=\"background-color: #398f2e;\">\u00a0Oferta\u00a0<\/span><\/p>\n    <\/div>\n<\/div>\n<!-- \/module text -->        <\/div>\n                        <\/div>\n        <\/div>\n                        <div  data-css_id=\"9eoe655\" data-lazy=\"1\" class=\"module_row themify_builder_row fullwidth tb_9eoe655 tf_w wow\" data-tf-animation=\"fadeIn\">\n                        <div class=\"row_inner col_align_middle gutter-none tb_col_count_2 tf_box tf_rel\">\n                        <div  data-lazy=\"1\" class=\"module_column tb-column tb_vkfu656 first\">\n                    <!-- module fancy heading -->\n<div  class=\"module module-fancy-heading tb_093i313  wow\" data-tf-animation=\"fadeIn\" data-lazy=\"1\">\n        <h2 class=\"fancy-heading\">\n    <span class=\"main-head tf_block\">\n                    STABILIZACJA GRUNTU            <\/span>\n\n            <span class=\"tb_fancy_heading_icon_wrap tf_block\">\n            <span class=\"tb_fancy_heading_border tf_rel\"><\/span>            <span class=\"tb_fancy_heading_icon\">\n                                    <em><svg  class=\"tf_fa tf-fas-tractor\" aria-hidden=\"true\"><use href=\"#tf-fas-tractor\"><\/use><\/svg><\/em>\n                            <\/span>\n            <span class=\"tb_fancy_heading_border tf_rel\"><\/span>        <\/span>\n    \n    <span class=\"sub-head tf_block tf_rel\">\n                                <\/span>\n    <\/h2>\n<\/div>\n<!-- \/module fancy heading -->\n<!-- module text -->\n<div  class=\"module module-text tb_hgo2822    wow\" data-tf-animation=\"fadeIn\" data-lazy=\"1\">\n        <div  class=\"tb_text_wrap\">\n        <p>To szybka i skuteczna metoda wzmocnienia podbudowy, b\u0105d\u017a gruntu rodzimego, poprzez wymieszanie go ze spoiwem hydraulicznym. Najpopularniesza to stabilizacja gruntu cementem, kt\u00f3ra pozwala osi\u0105gn\u0105\u0107 na s\u0142abych gruntach solidn\u0105 podbudow\u0119 pomocnicz\u0105, zasadnicz\u0105 czy warstw\u0119 ulepszonego pod\u0142o\u017ca.<\/p>    <\/div>\n<\/div>\n<!-- \/module text --><!-- module buttons -->\n<div  class=\"module module-buttons tb_zw50528 buttons-horizontal solid   wow\" data-tf-animation=\"fadeIn\" data-lazy=\"1\">\n        <div class=\"module-buttons-item tf_in_flx\">\n                        <a href=\"https:\/\/www.drocomplex.pl\/projekt\/oferta\/stabilizacja-gruntu\/\" class=\"ui builder_button tf_in_flx transparent\" >\n                                                wi\u0119cej                                        <\/a>\n                <\/div>\n            <\/div>\n<!-- \/module buttons -->\n        <\/div>\n                    <div  data-lazy=\"1\" class=\"module_column tb-column tb_os86656 last\">\n                            <\/div>\n                        <\/div>\n        <\/div>\n                        <div  data-css_id=\"tkqv474\" data-lazy=\"1\" class=\"module_row themify_builder_row fullwidth tb_tkqv474 tf_w wow\" data-tf-animation=\"fadeIn\">\n                        <div class=\"row_inner col_align_middle gutter-none tb_col_count_2 tf_box tf_rel\">\n                        <div  data-lazy=\"1\" class=\"module_column tb-column tb_i502483 first\">\n                            <\/div>\n                    <div  data-lazy=\"1\" class=\"module_column tb-column tb_g1wm474 last\">\n                    <!-- module fancy heading -->\n<div  class=\"module module-fancy-heading tb_1kkw483  wow\" data-tf-animation=\"fadeIn\" data-lazy=\"1\">\n        <h2 class=\"fancy-heading\">\n    <span class=\"main-head tf_block\">\n                    OSUSZANIE GRUNTU            <\/span>\n\n            <span class=\"tb_fancy_heading_icon_wrap tf_block\">\n            <span class=\"tb_fancy_heading_border tf_rel\"><\/span>            <span class=\"tb_fancy_heading_icon\">\n                                    <em><svg  class=\"tf_fa tf-fas-tractor\" aria-hidden=\"true\"><use href=\"#tf-fas-tractor\"><\/use><\/svg><\/em>\n                            <\/span>\n            <span class=\"tb_fancy_heading_border tf_rel\"><\/span>        <\/span>\n    \n    <span class=\"sub-head tf_block tf_rel\">\n                                <\/span>\n    <\/h2>\n<\/div>\n<!-- \/module fancy heading -->\n<!-- module text -->\n<div  class=\"module module-text tb_7tum483    wow\" data-tf-animation=\"fadeIn\" data-lazy=\"1\">\n        <div  class=\"tb_text_wrap\">\n        <p>Dzi\u0119ki zastosowaniu wapna, b\u0105d\u017a popio\u0142\u00f3w lotnych mo\u017cemy osuszy\u0107 pozbawione zupe\u0142nej no\u015bno\u015bci grunty, tworz\u0105c warstw\u0119 umo\u017cliwiaj\u0105c\u0105 ruch technologiczny, b\u0105d\u017a stanowi\u0105c\u0105 jedn\u0105 z warstw konstrukcyjnych pod planowan\u0105 drog\u0105, podtorzem, etc.<\/p>\n    <\/div>\n<\/div>\n<!-- \/module text --><!-- module buttons -->\n<div  class=\"module module-buttons tb_ctm9483 buttons-horizontal solid   wow\" data-tf-animation=\"fadeIn\" data-lazy=\"1\">\n        <div class=\"module-buttons-item tf_in_flx\">\n                        <a href=\"https:\/\/www.drocomplex.pl\/projekt\/oferta\/osuszanie-gruntu\/\" class=\"ui builder_button tf_in_flx transparent\" >\n                                                wi\u0119cej                                        <\/a>\n                <\/div>\n            <\/div>\n<!-- \/module buttons -->\n        <\/div>\n                        <\/div>\n        <\/div>\n                        <div  data-css_id=\"vmyv395\" data-lazy=\"1\" class=\"module_row themify_builder_row fullwidth tb_vmyv395 tf_w wow\" data-tf-animation=\"fadeIn\">\n                        <div class=\"row_inner col_align_middle gutter-none tb_col_count_2 tf_box tf_rel\">\n                        <div  data-lazy=\"1\" class=\"module_column tb-column tb_ynke395 first\">\n                    <!-- module fancy heading -->\n<div  class=\"module module-fancy-heading tb_y1xw396  wow\" data-tf-animation=\"fadeIn\" data-lazy=\"1\">\n        <h2 class=\"fancy-heading\">\n    <span class=\"main-head tf_block\">\n                    REKULTYWACJA GRUNTU            <\/span>\n\n            <span class=\"tb_fancy_heading_icon_wrap tf_block\">\n            <span class=\"tb_fancy_heading_border tf_rel\"><\/span>            <span class=\"tb_fancy_heading_icon\">\n                                    <em><svg  class=\"tf_fa tf-fas-tractor\" aria-hidden=\"true\"><use href=\"#tf-fas-tractor\"><\/use><\/svg><\/em>\n                            <\/span>\n            <span class=\"tb_fancy_heading_border tf_rel\"><\/span>        <\/span>\n    \n    <span class=\"sub-head tf_block tf_rel\">\n                                <\/span>\n    <\/h2>\n<\/div>\n<!-- \/module fancy heading -->\n<!-- module text -->\n<div  class=\"module module-text tb_uh0u396    wow\" data-tf-animation=\"fadeIn\" data-lazy=\"1\">\n        <div  class=\"tb_text_wrap\">\n        <p>By stworzy\u0107 odpowiedni\u0105 przestrze\u0144 pod uprawy, szk\u00f3\u0142ki le\u015bne czy do innego wykorzystania u\u017cytkowego, cz\u0119sto niezb\u0119dna jest rekultywacja gruntu. Polega ona na usuni\u0119ciu z obszaru samosiejek, pni, karpin i kamieni, a tak\u017ce na spulchnieniu suchej, twardej gleby.<\/p>\n    <\/div>\n<\/div>\n<!-- \/module text --><!-- module buttons -->\n<div  class=\"module module-buttons tb_xapy418 buttons-horizontal solid   wow\" data-tf-animation=\"fadeIn\" data-lazy=\"1\">\n        <div class=\"module-buttons-item tf_in_flx\">\n                        <a href=\"https:\/\/www.drocomplex.pl\/projekt\/oferta\/rekultywacja-gruntow\/\" class=\"ui builder_button tf_in_flx transparent\" >\n                                                wi\u0119cej                                        <\/a>\n                <\/div>\n            <\/div>\n<!-- \/module buttons -->\n        <\/div>\n                    <div  data-lazy=\"1\" class=\"module_column tb-column tb_lo49418 last\">\n                            <\/div>\n                        <\/div>\n        <\/div>\n                        <div  data-css_id=\"w0ca463\" data-lazy=\"1\" class=\"module_row themify_builder_row fullwidth tb_w0ca463 tf_w wow\" data-tf-animation=\"fadeIn\">\n                        <div class=\"row_inner col_align_middle gutter-none tb_col_count_2 tf_box tf_rel\">\n                        <div  data-lazy=\"1\" class=\"module_column tb-column tb_2yg5464 first\">\n                            <\/div>\n                    <div  data-lazy=\"1\" class=\"module_column tb-column tb_x9kr463 last\">\n                    <!-- module fancy heading -->\n<div  class=\"module module-fancy-heading tb_1efc464  wow\" data-tf-animation=\"fadeIn\" data-lazy=\"1\">\n        <h2 class=\"fancy-heading\">\n    <span class=\"main-head tf_block\">\n                    WYKONAWSTWO            <\/span>\n\n            <span class=\"tb_fancy_heading_icon_wrap tf_block\">\n            <span class=\"tb_fancy_heading_border tf_rel\"><\/span>            <span class=\"tb_fancy_heading_icon\">\n                                    <em><svg  class=\"tf_fa tf-fas-tractor\" aria-hidden=\"true\"><use href=\"#tf-fas-tractor\"><\/use><\/svg><\/em>\n                            <\/span>\n            <span class=\"tb_fancy_heading_border tf_rel\"><\/span>        <\/span>\n    \n    <span class=\"sub-head tf_block tf_rel\">\n                                <\/span>\n    <\/h2>\n<\/div>\n<!-- \/module fancy heading -->\n<!-- module text -->\n<div  class=\"module module-text tb_82vg464    wow\" data-tf-animation=\"fadeIn\" data-lazy=\"1\">\n        <div  class=\"tb_text_wrap\">\n        <p>Prowadzimy og\u00f3lne prace zwi\u0105zane z przygotowaniem grunt\u00f3w, takie jak stabilizacja pod\u0142o\u017ca, osuszanie, rekultywacja, makroniwelacja z u\u017cyciem r\u00f3wniarek z systemem 3D. Posiadamy nowoczesny sprz\u0119t budowlany niezb\u0119dny do szybkiego i profesjonalnego wykonania tego typu prac. Oferujemy r\u00f3wnie\u017c wynajem maszyn wraz z do\u015bwiadczon\u0105 obs\u0142ug\u0105 operatorsk\u0105.<\/p>\n    <\/div>\n<\/div>\n<!-- \/module text --><!-- module buttons -->\n<div  class=\"module module-buttons tb_l6ii464 buttons-horizontal solid   wow\" data-tf-animation=\"fadeIn\" data-lazy=\"1\">\n        <div class=\"module-buttons-item tf_in_flx\">\n                        <a href=\"https:\/\/www.drocomplex.pl\/projekt\/oferta\/\" class=\"ui builder_button tf_in_flx transparent\" >\n                                                wi\u0119cej                                        <\/a>\n                <\/div>\n            <\/div>\n<!-- \/module buttons -->\n        <\/div>\n                        <\/div>\n        <\/div>\n                        <div  data-lazy=\"1\" class=\"module_row themify_builder_row tb_zs8u992 tf_w wow\" data-tf-animation=\"fadeIn\">\n                        <div class=\"row_inner col_align_top tb_col_count_1 tf_box tf_rel\">\n                        <div  data-lazy=\"1\" class=\"module_column tb-column col-full tb_dcig739 first\">\n                    <!-- module plain text -->\n<div  class=\"module module-plain-text tb_ren9564 \" data-lazy=\"1\">\n        <div class=\"tb_text_wrap\">\n    <iframe src=\"https:\/\/www.google.com\/maps\/embed?pb=!1m18!1m12!1m3!1d2560.0910353277295!2d18.258637215987633!3d50.08458242154017!2m3!1f0!2f0!3f0!3m2!1i1024!2i768!4f13.1!3m3!1m2!1s0x471142c23b149527%3A0x49c7667c78ab9441!2sWiatrakowa%2039A%2C%2047-400%20Racib%C3%B3rz!5e0!3m2!1spl!2spl!4v1648025842558!5m2!1spl!2spl\" width=\"100%\" height=\"400\" style=\"border:0;\" allowfullscreen=\"\" loading=\"lazy\"><\/iframe>    <\/div>\n<\/div>\n<!-- \/module plain text -->        <\/div>\n                        <\/div>\n        <\/div>\n                        <div  data-parallax-bg=\"desktop\" data-css_id=\"fi8g860\" data-lazy=\"1\" class=\"module_row themify_builder_row fullwidth tb_fi8g860 tf_w wow\" data-tf-animation=\"fadeIn\">\n                        <div class=\"row_inner col_align_top gutter-none tb_col_count_2 tf_box tf_rel\">\n                        <div  data-lazy=\"1\" class=\"module_column tb-column col4-2 tb_sx3r862 first\">\n                            <\/div>\n                    <div  data-lazy=\"1\" class=\"module_column tb-column col4-2 tb_4iq6368 last\">\n                            <\/div>\n                        <\/div>\n        <\/div>\n        <\/div>\n<!--\/themify_builder_content-->","protected":false},"excerpt":{"rendered":"<p>Witamy na stronie\u00a0 Drocomplex\u00a0 Stabilizacja, osuszanie i rekultywacja grunt\u00f3w. zobacz wi\u0119cej \u00a0Oferta\u00a0 STABILIZACJA GRUNTU To szybka i skuteczna metoda wzmocnienia podbudowy, b\u0105d\u017a gruntu rodzimego, poprzez wymieszanie go ze spoiwem hydraulicznym. Najpopularniesza to stabilizacja gruntu cementem, kt\u00f3ra pozwala osi\u0105gn\u0105\u0107 na s\u0142abych gruntach solidn\u0105 podbudow\u0119 pomocnicz\u0105, zasadnicz\u0105 czy warstw\u0119 ulepszonego pod\u0142o\u017ca. wi\u0119cej OSUSZANIE GRUNTU Dzi\u0119ki zastosowaniu wapna, [&hellip;]<\/p>\n","protected":false},"author":2,"featured_media":0,"parent":0,"menu_order":0,"comment_status":"closed","ping_status":"closed","template":"","meta":{"footnotes":""},"class_list":["post-8","page","type-page","status-publish","hentry","has-post-title","has-post-date","has-post-category","has-post-tag","has-post-comment","has-post-author",""],"builder_content":"<h2>Witamy na stronie\u00a0 Drocomplex\u00a0<\/h2>\n<p>Stabilizacja, osuszanie i rekultywacja grunt\u00f3w.<\/p>\n<a href=\"https:\/\/www.drocomplex.pl\/projekt\/oferta\/\" > zobacz wi\u0119cej <\/a>\n<p>\u00a0Oferta\u00a0<\/p>\n<h2>STABILIZACJA GRUNTU<br\/><\/h2>\n<p>To szybka i skuteczna metoda wzmocnienia podbudowy, b\u0105d\u017a gruntu rodzimego, poprzez wymieszanie go ze spoiwem hydraulicznym. Najpopularniesza to stabilizacja gruntu cementem, kt\u00f3ra pozwala osi\u0105gn\u0105\u0107 na s\u0142abych gruntach solidn\u0105 podbudow\u0119 pomocnicz\u0105, zasadnicz\u0105 czy warstw\u0119 ulepszonego pod\u0142o\u017ca.<\/p>\n<a href=\"https:\/\/www.drocomplex.pl\/projekt\/oferta\/stabilizacja-gruntu\/\" > wi\u0119cej <\/a>\n<h2>OSUSZANIE GRUNTU<br\/><\/h2>\n<p>Dzi\u0119ki zastosowaniu wapna, b\u0105d\u017a popio\u0142\u00f3w lotnych mo\u017cemy osuszy\u0107 pozbawione zupe\u0142nej no\u015bno\u015bci grunty, tworz\u0105c warstw\u0119 umo\u017cliwiaj\u0105c\u0105 ruch technologiczny, b\u0105d\u017a stanowi\u0105c\u0105 jedn\u0105 z warstw konstrukcyjnych pod planowan\u0105 drog\u0105, podtorzem, etc.<\/p>\n<a href=\"https:\/\/www.drocomplex.pl\/projekt\/oferta\/osuszanie-gruntu\/\" > wi\u0119cej <\/a>\n<h2>REKULTYWACJA GRUNTU<br\/><\/h2>\n<p>By stworzy\u0107 odpowiedni\u0105 przestrze\u0144 pod uprawy, szk\u00f3\u0142ki le\u015bne czy do innego wykorzystania u\u017cytkowego, cz\u0119sto niezb\u0119dna jest rekultywacja gruntu. Polega ona na usuni\u0119ciu z obszaru samosiejek, pni, karpin i kamieni, a tak\u017ce na spulchnieniu suchej, twardej gleby.<\/p>\n<a href=\"https:\/\/www.drocomplex.pl\/projekt\/oferta\/rekultywacja-gruntow\/\" > wi\u0119cej <\/a>\n<h2>WYKONAWSTWO<br\/><\/h2>\n<p>Prowadzimy og\u00f3lne prace zwi\u0105zane z przygotowaniem grunt\u00f3w, takie jak stabilizacja pod\u0142o\u017ca, osuszanie, rekultywacja, makroniwelacja z u\u017cyciem r\u00f3wniarek z systemem 3D. Posiadamy nowoczesny sprz\u0119t budowlany niezb\u0119dny do szybkiego i profesjonalnego wykonania tego typu prac. Oferujemy r\u00f3wnie\u017c wynajem maszyn wraz z do\u015bwiadczon\u0105 obs\u0142ug\u0105 operatorsk\u0105.<\/p>\n<a href=\"https:\/\/www.drocomplex.pl\/projekt\/oferta\/\" > wi\u0119cej <\/a>\n<iframe src=\"https:\/\/www.google.com\/maps\/embed?pb=!1m18!1m12!1m3!1d2560.0910353277295!2d18.258637215987633!3d50.08458242154017!2m3!1f0!2f0!3f0!3m2!1i1024!2i768!4f13.1!3m3!1m2!1s0x471142c23b149527%3A0x49c7667c78ab9441!2sWiatrakowa%2039A%2C%2047-400%20Racib%C3%B3rz!5e0!3m2!1spl!2spl!4v1648025842558!5m2!1spl!2spl\" width=\"100%\" height=\"400\" style=\"border:0;\" allowfullscreen=\"\" loading=\"lazy\"><\/iframe>","_links":{"self":[{"href":"https:\/\/www.drocomplex.pl\/projekt\/wp-json\/wp\/v2\/pages\/8","targetHints":{"allow":["GET"]}}],"collection":[{"href":"https:\/\/www.drocomplex.pl\/projekt\/wp-json\/wp\/v2\/pages"}],"about":[{"href":"https:\/\/www.drocomplex.pl\/projekt\/wp-json\/wp\/v2\/types\/page"}],"author":[{"embeddable":true,"href":"https:\/\/www.drocomplex.pl\/projekt\/wp-json\/wp\/v2\/users\/2"}],"replies":[{"embeddable":true,"href":"https:\/\/www.drocomplex.pl\/projekt\/wp-json\/wp\/v2\/comments?post=8"}],"version-history":[{"count":132,"href":"https:\/\/www.drocomplex.pl\/projekt\/wp-json\/wp\/v2\/pages\/8\/revisions"}],"predecessor-version":[{"id":2088,"href":"https:\/\/www.drocomplex.pl\/projekt\/wp-json\/wp\/v2\/pages\/8\/revisions\/2088"}],"wp:attachment":[{"href":"https:\/\/www.drocomplex.pl\/projekt\/wp-json\/wp\/v2\/media?parent=8"}],"curies":[{"name":"wp","href":"https:\/\/api.w.org\/{rel}","templated":true}]}}