{"id":575,"date":"2022-04-06T11:58:15","date_gmt":"2022-04-06T09:58:15","guid":{"rendered":"https:\/\/www.drocomplex.pl\/projekt\/?page_id=575"},"modified":"2022-04-20T15:07:56","modified_gmt":"2022-04-20T13:07:56","slug":"lata-2005-2009","status":"publish","type":"page","link":"https:\/\/www.drocomplex.pl\/projekt\/realizacje\/lata-2005-2009\/","title":{"rendered":"Lata 2005 &#8211; 2009"},"content":{"rendered":"<!--themify_builder_content-->\n<div id=\"themify_builder_content-575\" data-postid=\"575\" class=\"themify_builder_content themify_builder_content-575 themify_builder tf_clear\">\n                    <div  data-lazy=\"1\" class=\"module_row themify_builder_row tb_ply2643 tb_first tf_w wow\" data-tf-animation=\"fadeIn\">\n                        <div class=\"row_inner col_align_top tb_col_count_1 tf_box tf_rel\">\n                        <div  data-lazy=\"1\" class=\"module_column tb-column col-full tb_kzmj645 first\">\n                            <\/div>\n                        <\/div>\n        <\/div>\n                        <div  data-lazy=\"1\" class=\"module_row themify_builder_row tb_416p650 tf_w wow\" data-tf-animation=\"fadeIn\">\n                        <div class=\"row_inner col_align_top tb_col_count_1 tf_box tf_rel\">\n                        <div  data-lazy=\"1\" class=\"module_column tb-column col-full tb_6g7a651 first\">\n                    <!-- module text -->\n<div  class=\"module module-text tb_3yvb645    wow\" data-tf-animation=\"fadeIn\" data-tf-animation_delay=\"0.5\" data-lazy=\"1\">\n        <div  class=\"tb_text_wrap\">\n        <h1>Lata 2005 &#8211; 2009<\/h1>    <\/div>\n<\/div>\n<!-- \/module text -->        <\/div>\n                        <\/div>\n        <\/div>\n                        <div  data-lazy=\"1\" class=\"module_row themify_builder_row tb_qjx6306 tf_w\">\n                        <div class=\"row_inner col_align_top tb_col_count_1 tf_box tf_rel\">\n                        <div  data-lazy=\"1\" class=\"module_column tb-column col-full tb_5vrq306 first\">\n                    <!-- module text -->\n<div  class=\"module module-text tb_5qsn851    wow\" data-tf-animation=\"fadeIn\" data-lazy=\"1\">\n        <div  class=\"tb_text_wrap\">\n        <table class=\"dol\">\n<tbody>\n<tr class=\"code\" bgcolor=\"#434343\">\n<td class=\"dol\">MIEJSCE<\/td>\n<td>ZADANIE<\/td>\n<td>INWESTOR<br>G\u0141\u00d3WNY WYKONAWCA<\/td>\n<td>PRZEDMIOT ROB\u00d3T<\/td>\n<td>TERMIN REALIZACJI<\/td>\n<\/tr>\n<tr bgcolor=\"#F2F0F1\">\n<td>Paw\u0142owice<\/td>\n<td>Remont ul. K. Miarki<\/td>\n<td class=\"code1\">Urz\u0105d Gminy Paw\u0142owice<\/td>\n<td>recykling asf.-betonu<br>+ podbudowy<\/td>\n<td>IV 2005<\/td>\n<\/tr>\n<tr bgcolor=\"#DFE9FF\">\n<td>Pielgrzymowice<\/td>\n<td>Przebudowa ul. Brzezi\u0144skiej<\/td>\n<td class=\"code1\">Urz\u0105d Gminy Paw\u0142owice<\/td>\n<td>recykling asf.-betonu<br>+ podbudowy<\/td>\n<td>V 2005<\/td>\n<\/tr>\n<tr bgcolor=\"#F2F0F1\">\n<td>Gliwice<\/td>\n<td>Hala produkcyjno- magazynowa<br>20 000 m<sup>2<\/sup><\/td>\n<td class=\"code1\">Plastal<\/td>\n<td>stabilizacja gruntu gliniastego<\/td>\n<td>VIII \u2013 X 2005<\/td>\n<\/tr>\n<tr bgcolor=\"#DFE9FF\">\n<td>Czechowice Dziedzice<\/td>\n<td>ul. Maza\u0144cowicka<br>12 000 m<sup>2<\/sup><\/td>\n<td class=\"code1\">Zarz\u0105d Dr\u00f3g Powiatowych w Czechowicach Dziedzicach<\/td>\n<td>recykling asf.-betonu<br>+ podbudowy<\/td>\n<td>IX 2006<\/td>\n<\/tr>\n<tr bgcolor=\"#F2F0F1\">\n<td>Nowogr\u00f3d Bobrza\u0144ski<\/td>\n<td>Droga Powiatowa<br>nr 1183F<br>16 000 m<sup>2<\/sup><\/td>\n<td class=\"code1\">Zarz\u0105d Dr\u00f3g Powiatowych<br>w Nowej Soli<\/td>\n<td>stabilizacja gruntu<\/td>\n<td>X 2006<\/td>\n<\/tr>\n<tr bgcolor=\"#DFE9FF\">\n<td>Tychy<\/td>\n<td>DK-86<br>6 700 m<sup>2<\/sup><\/td>\n<td class=\"code1\">GDDKiA<\/td>\n<td>stabilizacja cementem pod\u0142o\u017ca gruntowego<\/td>\n<td>I 2007<\/td>\n<\/tr>\n<tr bgcolor=\"#F2F0F1\">\n<td>Miko\u0142\u00f3w<\/td>\n<td>DW-928 i ul. Pszczy\u0144ska<br>4 200 m<sup>2<\/sup><\/td>\n<td class=\"code1\">Zarz\u0105d Dr\u00f3g Wojew\u00f3dzkich<br>w Katowicach<\/td>\n<td>recykling asf.-betonu<br>+ podbudowy<\/td>\n<td>V 2007<\/td>\n<\/tr>\n<tr bgcolor=\"#DFE9FF\">\n<td>Zederman-Jerzmanowice<\/td>\n<td>DK-94<br>48 000 m<sup>2<\/sup><\/td>\n<td class=\"code1\">GDDKiA<\/td>\n<td>ulepszanie pod\u0142o\u017ca cementem + EN-1<\/td>\n<td>VIII-XI 2007<\/td>\n<\/tr>\n<tr bgcolor=\"#F2F0F1\">\n<td>Che\u0142m \u015al\u0105ski<\/td>\n<td>DW-934<br>10 000 m<sup>2<\/sup><\/td>\n<td class=\"code1\">Zarz\u0105d Dr\u00f3g Wojew\u00f3dzkich<br>w Katowicach<\/td>\n<td>recykling asf.-betonu +<br>podbudowy cementem + EN-1<\/td>\n<td>IX-XI 2008<\/td>\n<\/tr>\n<tr bgcolor=\"#DFE9FF\">\n<td>Wronowice<\/td>\n<td>Droga Powiatowa<br>nr 25367<br>11 000 m<sup>2<\/sup><\/td>\n<td class=\"code1\">Zarz\u0105d Dr\u00f3g Powiatowych<br>w Nowym S\u0105czu<\/td>\n<td>stabilizacja gruntu spoiwem Lipidur DF<\/td>\n<td>IX-X 2008<\/td>\n<\/tr>\n<tr bgcolor=\"#F2F0F1\">\n<td>Andrych\u00f3w-Nidek-G\u0142\u0119bowice<\/td>\n<td>Droga Powiatowa<br>nr 1743 K<br>6 850 m<sup>2<\/sup><\/td>\n<td class=\"code1\">Zarz\u0105d Dr\u00f3g Powiatowych<br>w Wadowicach<\/td>\n<td>recykling asf.-betonu<br>+ podbudowy cementem + EN-1<\/td>\n<td>IX-XI 2008<\/td>\n<\/tr>\n<tr bgcolor=\"#DFE9FF\">\n<td>Jastrz\u0119bie Zdr\u00f3j<\/td>\n<td>Remont dr\u00f3g loklanych<br>6 000 m<sup>2<\/sup><\/td>\n<td class=\"code1\">Zarz\u0105d Dr\u00f3g Powiatowych<br>w Jastrz\u0119biu Zdroju<\/td>\n<td>g\u0142\u0119boki recykling<\/td>\n<td>VI 2009<\/td>\n<\/tr>\n<tr bgcolor=\"#F2F0F1\">\n<td><a class=\"black\" title=\"galeria\" href=\"https:\/\/www.drocomplex.pl\/galeriaCH.html\">Chorz\u00f3w<br>(21 zdj\u0119\u0107)<\/a><\/td>\n<td>Stadion \u015al\u0105ski<br>8 000 m<sup>2<\/sup><\/td>\n<td class=\"code1\">PTHU Eko-Trans<\/td>\n<td>osuszanie p\u0142yty<br>stadionu dla<br>imprezy Monster Truck<\/td>\n<td>V 2009<\/td>\n<\/tr>\n<tr bgcolor=\"#DFE9FF\">\n<td><a class=\"black\" title=\"galeria\" href=\"https:\/\/www.drocomplex.pl\/galeriaSZ.html\">So\u015bnicowice<br>(6 zdj\u0119\u0107)<\/a><\/td>\n<td>Budowa drogi<br>1 500 m<sup>2<\/sup><\/td>\n<td class=\"code1\">Gmina So\u015bnicowice<\/td>\n<td>stabilizacja gruntu cementem<\/td>\n<td>VII 2009<\/td>\n<\/tr>\n<tr bgcolor=\"#F2F0F1\">\n<td><a class=\"black\" title=\"galeria\" href=\"https:\/\/www.drocomplex.pl\/galeriaWR.html\">T\u0119goborze &#8211; Wronowice<br>(7 zdj\u0119\u0107)<\/a><\/td>\n<td>Remont drogi powiatowej nr 1553K<br>22 000 m<sup>2<\/sup><\/td>\n<td class=\"code1\">Zarz\u0105d Dr\u00f3g Powiatowych<br>w Nowym S\u0105czu<\/td>\n<td>g\u0142\u0119boki recykling<\/td>\n<td>VIII-X 2009<\/td>\n<\/tr>\n<tr bgcolor=\"#DFE9FF\">\n<td>Skrzypne &#8211; Szaflary &#8211; Ostrowsko<\/td>\n<td>Remont drogi<br>11 000 m<sup>2<\/sup><\/td>\n<td class=\"code1\">Zarz\u0105d Dr\u00f3g Powiatowych<br>w Nowym Targu<\/td>\n<td>g\u0142\u0119boki recykling<\/td>\n<td>IX 2009<\/td>\n<\/tr>\n<tr bgcolor=\"#F2F0F1\">\n<td>Wroc\u0142aw<\/td>\n<td>Budowa drogi technologicznej<br>7 500 m<sup>2<\/sup><\/td>\n<td class=\"code1\">Gmina Wroc\u0142aw<\/td>\n<td>stabilizacja gruntu<\/td>\n<td>IX 2009<\/td>\n<\/tr>\n<tr bgcolor=\"#DFE9FF\">\n<td>\u0141ososina Dolna &#8211; Ujanowice &#8211; M\u0142ynne<\/td>\n<td>Remont drogi powiatowej nr 1555K<br>20 000 m<sup>2<\/sup><\/td>\n<td class=\"code1\">Zarz\u0105d Dr\u00f3g Powiatowych<br>w Limanowej<\/td>\n<td>g\u0142\u0119boki recykling<\/td>\n<td>IX &#8211; XI 2009<\/td>\n<\/tr>\n<\/tbody>\n<\/table>    <\/div>\n<\/div>\n<!-- \/module text -->        <\/div>\n                        <\/div>\n        <\/div>\n        <\/div>\n<!--\/themify_builder_content-->","protected":false},"excerpt":{"rendered":"<p>Lata 2005 &#8211; 2009 MIEJSCE ZADANIE INWESTORG\u0141\u00d3WNY WYKONAWCA PRZEDMIOT ROB\u00d3T TERMIN REALIZACJI Paw\u0142owice Remont ul. K. Miarki Urz\u0105d Gminy Paw\u0142owice recykling asf.-betonu+ podbudowy IV 2005 Pielgrzymowice Przebudowa ul. Brzezi\u0144skiej Urz\u0105d Gminy Paw\u0142owice recykling asf.-betonu+ podbudowy V 2005 Gliwice Hala produkcyjno- magazynowa20 000 m2 Plastal stabilizacja gruntu gliniastego VIII \u2013 X 2005 Czechowice Dziedzice ul. Maza\u0144cowicka12 [&hellip;]<\/p>\n","protected":false},"author":2,"featured_media":0,"parent":515,"menu_order":0,"comment_status":"closed","ping_status":"closed","template":"","meta":{"footnotes":""},"class_list":["post-575","page","type-page","status-publish","hentry","has-post-title","has-post-date","has-post-category","has-post-tag","has-post-comment","has-post-author",""],"builder_content":"<h1>Lata 2005 - 2009<\/h1>\n<table> <tbody> <tr bgcolor=\"#434343\"> <td>MIEJSCE<\/td> <td>ZADANIE<\/td> <td>INWESTOR<br>G\u0141\u00d3WNY WYKONAWCA<\/td> <td>PRZEDMIOT ROB\u00d3T<\/td> <td>TERMIN REALIZACJI<\/td> <\/tr> <tr bgcolor=\"#F2F0F1\"> <td>Paw\u0142owice<\/td> <td>Remont ul. K. Miarki<\/td> <td>Urz\u0105d Gminy Paw\u0142owice<\/td> <td>recykling asf.-betonu<br>+ podbudowy<\/td> <td>IV 2005<\/td> <\/tr> <tr bgcolor=\"#DFE9FF\"> <td>Pielgrzymowice<\/td> <td>Przebudowa ul. Brzezi\u0144skiej<\/td> <td>Urz\u0105d Gminy Paw\u0142owice<\/td> <td>recykling asf.-betonu<br>+ podbudowy<\/td> <td>V 2005<\/td> <\/tr> <tr bgcolor=\"#F2F0F1\"> <td>Gliwice<\/td> <td>Hala produkcyjno- magazynowa<br>20 000 m<sup>2<\/sup><\/td> <td>Plastal<\/td> <td>stabilizacja gruntu gliniastego<\/td> <td>VIII \u2013 X 2005<\/td> <\/tr> <tr bgcolor=\"#DFE9FF\"> <td>Czechowice Dziedzice<\/td> <td>ul. Maza\u0144cowicka<br>12 000 m<sup>2<\/sup><\/td> <td>Zarz\u0105d Dr\u00f3g Powiatowych w Czechowicach Dziedzicach<\/td> <td>recykling asf.-betonu<br>+ podbudowy<\/td> <td>IX 2006<\/td> <\/tr> <tr bgcolor=\"#F2F0F1\"> <td>Nowogr\u00f3d Bobrza\u0144ski<\/td> <td>Droga Powiatowa<br>nr 1183F<br>16 000 m<sup>2<\/sup><\/td> <td>Zarz\u0105d Dr\u00f3g Powiatowych<br>w Nowej Soli<\/td> <td>stabilizacja gruntu<\/td> <td>X 2006<\/td> <\/tr> <tr bgcolor=\"#DFE9FF\"> <td>Tychy<\/td> <td>DK-86<br>6 700 m<sup>2<\/sup><\/td> <td>GDDKiA<\/td> <td>stabilizacja cementem pod\u0142o\u017ca gruntowego<\/td> <td>I 2007<\/td> <\/tr> <tr bgcolor=\"#F2F0F1\"> <td>Miko\u0142\u00f3w<\/td> <td>DW-928 i ul. Pszczy\u0144ska<br>4 200 m<sup>2<\/sup><\/td> <td>Zarz\u0105d Dr\u00f3g Wojew\u00f3dzkich<br>w Katowicach<\/td> <td>recykling asf.-betonu<br>+ podbudowy<\/td> <td>V 2007<\/td> <\/tr> <tr bgcolor=\"#DFE9FF\"> <td>Zederman-Jerzmanowice<\/td> <td>DK-94<br>48 000 m<sup>2<\/sup><\/td> <td>GDDKiA<\/td> <td>ulepszanie pod\u0142o\u017ca cementem + EN-1<\/td> <td>VIII-XI 2007<\/td> <\/tr> <tr bgcolor=\"#F2F0F1\"> <td>Che\u0142m \u015al\u0105ski<\/td> <td>DW-934<br>10 000 m<sup>2<\/sup><\/td> <td>Zarz\u0105d Dr\u00f3g Wojew\u00f3dzkich<br>w Katowicach<\/td> <td>recykling asf.-betonu +<br>podbudowy cementem + EN-1<\/td> <td>IX-XI 2008<\/td> <\/tr> <tr bgcolor=\"#DFE9FF\"> <td>Wronowice<\/td> <td>Droga Powiatowa<br>nr 25367<br>11 000 m<sup>2<\/sup><\/td> <td>Zarz\u0105d Dr\u00f3g Powiatowych<br>w Nowym S\u0105czu<\/td> <td>stabilizacja gruntu spoiwem Lipidur DF<\/td> <td>IX-X 2008<\/td> <\/tr> <tr bgcolor=\"#F2F0F1\"> <td>Andrych\u00f3w-Nidek-G\u0142\u0119bowice<\/td> <td>Droga Powiatowa<br>nr 1743 K<br>6 850 m<sup>2<\/sup><\/td> <td>Zarz\u0105d Dr\u00f3g Powiatowych<br>w Wadowicach<\/td> <td>recykling asf.-betonu<br>+ podbudowy cementem + EN-1<\/td> <td>IX-XI 2008<\/td> <\/tr> <tr bgcolor=\"#DFE9FF\"> <td>Jastrz\u0119bie Zdr\u00f3j<\/td> <td>Remont dr\u00f3g loklanych<br>6 000 m<sup>2<\/sup><\/td> <td>Zarz\u0105d Dr\u00f3g Powiatowych<br>w Jastrz\u0119biu Zdroju<\/td> <td>g\u0142\u0119boki recykling<\/td> <td>VI 2009<\/td> <\/tr> <tr bgcolor=\"#F2F0F1\"> <td><a title=\"galeria\" href=\"https:\/\/www.drocomplex.pl\/galeriaCH.html\">Chorz\u00f3w<br>(21 zdj\u0119\u0107)<\/a><\/td> <td>Stadion \u015al\u0105ski<br>8 000 m<sup>2<\/sup><\/td> <td>PTHU Eko-Trans<\/td> <td>osuszanie p\u0142yty<br>stadionu dla<br>imprezy Monster Truck<\/td> <td>V 2009<\/td> <\/tr> <tr bgcolor=\"#DFE9FF\"> <td><a title=\"galeria\" href=\"https:\/\/www.drocomplex.pl\/galeriaSZ.html\">So\u015bnicowice<br>(6 zdj\u0119\u0107)<\/a><\/td> <td>Budowa drogi<br>1 500 m<sup>2<\/sup><\/td> <td>Gmina So\u015bnicowice<\/td> <td>stabilizacja gruntu cementem<\/td> <td>VII 2009<\/td> <\/tr> <tr bgcolor=\"#F2F0F1\"> <td><a title=\"galeria\" href=\"https:\/\/www.drocomplex.pl\/galeriaWR.html\">T\u0119goborze - Wronowice<br>(7 zdj\u0119\u0107)<\/a><\/td> <td>Remont drogi powiatowej nr 1553K<br>22 000 m<sup>2<\/sup><\/td> <td>Zarz\u0105d Dr\u00f3g Powiatowych<br>w Nowym S\u0105czu<\/td> <td>g\u0142\u0119boki recykling<\/td> <td>VIII-X 2009<\/td> <\/tr> <tr bgcolor=\"#DFE9FF\"> <td>Skrzypne - Szaflary - Ostrowsko<\/td> <td>Remont drogi<br>11 000 m<sup>2<\/sup><\/td> <td>Zarz\u0105d Dr\u00f3g Powiatowych<br>w Nowym Targu<\/td> <td>g\u0142\u0119boki recykling<\/td> <td>IX 2009<\/td> <\/tr> <tr bgcolor=\"#F2F0F1\"> <td>Wroc\u0142aw<\/td> <td>Budowa drogi technologicznej<br>7 500 m<sup>2<\/sup><\/td> <td>Gmina Wroc\u0142aw<\/td> <td>stabilizacja gruntu<\/td> <td>IX 2009<\/td> <\/tr> <tr bgcolor=\"#DFE9FF\"> <td>\u0141ososina Dolna - Ujanowice - M\u0142ynne<\/td> <td>Remont drogi powiatowej nr 1555K<br>20 000 m<sup>2<\/sup><\/td> <td>Zarz\u0105d Dr\u00f3g Powiatowych<br>w Limanowej<\/td> <td>g\u0142\u0119boki recykling<\/td> <td>IX - XI 2009<\/td> <\/tr> <\/tbody> <\/table>","_links":{"self":[{"href":"https:\/\/www.drocomplex.pl\/projekt\/wp-json\/wp\/v2\/pages\/575","targetHints":{"allow":["GET"]}}],"collection":[{"href":"https:\/\/www.drocomplex.pl\/projekt\/wp-json\/wp\/v2\/pages"}],"about":[{"href":"https:\/\/www.drocomplex.pl\/projekt\/wp-json\/wp\/v2\/types\/page"}],"author":[{"embeddable":true,"href":"https:\/\/www.drocomplex.pl\/projekt\/wp-json\/wp\/v2\/users\/2"}],"replies":[{"embeddable":true,"href":"https:\/\/www.drocomplex.pl\/projekt\/wp-json\/wp\/v2\/comments?post=575"}],"version-history":[{"count":4,"href":"https:\/\/www.drocomplex.pl\/projekt\/wp-json\/wp\/v2\/pages\/575\/revisions"}],"predecessor-version":[{"id":724,"href":"https:\/\/www.drocomplex.pl\/projekt\/wp-json\/wp\/v2\/pages\/575\/revisions\/724"}],"up":[{"embeddable":true,"href":"https:\/\/www.drocomplex.pl\/projekt\/wp-json\/wp\/v2\/pages\/515"}],"wp:attachment":[{"href":"https:\/\/www.drocomplex.pl\/projekt\/wp-json\/wp\/v2\/media?parent=575"}],"curies":[{"name":"wp","href":"https:\/\/api.w.org\/{rel}","templated":true}]}}